{"id":10900,"date":"2025-11-25T10:52:07","date_gmt":"2025-11-25T09:52:07","guid":{"rendered":"https:\/\/annette-schmucker.de\/?page_id=10900"},"modified":"2025-11-25T10:52:09","modified_gmt":"2025-11-25T09:52:09","slug":"moderne-oelbilder-kaufen","status":"publish","type":"page","link":"https:\/\/annette-schmucker.de\/index.php\/moderne-oelbilder-kaufen\/","title":{"rendered":"Moderne \u00d6lbilder kaufen \u2013 Kunst, die sich entfaltet"},"content":{"rendered":"<p>Seit vielen Jahren arbeite ich mit \u00d6l und Acryl, erwecke Farben zum Leben, mische Strukturpasten und Collagenpapier, um lebendige R\u00e4ume entstehen zu lassen. Wer moderne \u00d6lbilder kaufen m\u00f6chte, findet bei mir Gem\u00e4lde, in denen Licht, Weite und Transparenz eine zentrale Rolle spielen und die zugleich viel Spielraum f\u00fcr eigene Assoziationen lassen. Meine Arbeitsweise erlaubt es, gestisch und zugleich reflektiert zu sein \u2014 so entstehen Bilder, die nicht einfach Dekoration sind, sondern stille Begleiter im Alltag. Sie k\u00f6nnen w\u00e4hlen zwischen den Originalarbeiten oder einer\u00a0hochwertigen Reproduktion: So finden meine Werke R\u00e4ume, in denen sie wirken d\u00fcrfen.<\/p>\n<h2>R\u00e4ume gestalten \u2013 moderne Kunst kaufen f\u00fcr Zuhause und B\u00fcro<\/h2>\n<p>Wenn Sie moderne Kunst kaufen, entscheiden Sie sich nicht nur f\u00fcr ein Bild, sondern f\u00fcr eine Stimmung. Ein gro\u00dfformatiges Leinwandbild mit intensiven Farbfl\u00e4chen ver\u00e4ndert das Raumgef\u00fchl \u2013 ob im Wohnzimmer oder im B\u00fcro. Ich erm\u00f6gliche Ihnen, Ihre Wunschgr\u00f6\u00dfe und Oberfl\u00e4che zu w\u00e4hlen, sodass das Werk harmonisch in Ihre Umgebung eintritt. In meinen Serien mit \u201eSea &amp; Sky\u201c oder \u201eAbstract\u201c kombiniere ich konkrete Hinweise mit abstrahierter Form \u2013 wenn Sie moderne Kunst kaufen m\u00f6chten, k\u00f6nnen\u00a0Sie somit zwischen poetischen Momenten und farblich kraftvollen Akzenten w\u00e4hlen. Und wenn Sie sich speziell f\u00fcr moderne \u00d6lbilder interessieren, stehe ich Ihnen gern pers\u00f6nlich zur Verf\u00fcgung, damit Ihr neues Bild die Wirkung erzielt, die es verdient.<\/p>\n<h3>Ausdruck, Erlebnis, Partnerschaft \u2013 Ihre Wahl beim Kunstwerke-Erwerb<\/h3>\n<p>Beim Erwerb eines Werkes geht es f\u00fcr mich um mehr als den Verkauf: Es geht um das Finden eines Bildes, das emotional anschlie\u00dft und das Umfeld bereichert. Im Wunsch, moderne Kunst zu kaufen,\u00a0liegt immer ein Dialog zwischen Werk und Betrachter \u2013 ich begleite Sie durch Auswahl, Ma\u00dfe, Materialwahl und helfe, wenn gew\u00fcnscht, bei der Platzierung. Um moderne \u00d6lbilder zu kaufen, w\u00e4hlen Sie ein Original mit Tiefe und Substanz \u2013 wenn Sie sich f\u00fcr eine Reproduktion entscheiden, erm\u00f6glichen Sie sich einen eleganten Einstieg in die Welt der Kunstwerke. Inmeinen Malkursen\u00a0 zeige\u00a0ich, wie Farbe und Fl\u00e4che zum Raum werden \u2013 und ich freue mich darauf, Sie auf diesem Weg zu begleiten.\u00a0Lassen Sie sich auch von den B\u00fcchern, die ich gemeinsam mit dem Lyriker J\u00f6rg Ulrich Helgert herausgebe, bezaubern: Hier verschmelzen Lyrik und Bilder zu einer Einheit.<\/p>\n","protected":false},"excerpt":{"rendered":"<p>Seit vielen Jahren arbeite ich mit \u00d6l und Acryl, erwecke Farben zum Leben, mische Strukturpasten und Collagenpapier, um lebendige R\u00e4ume entstehen zu lassen. Wer moderne \u00d6lbilder kaufen m\u00f6chte, findet bei mir Gem\u00e4lde, in denen Licht, Weite und Transparenz eine zentrale Rolle spielen und die zugleich viel Spielraum f\u00fcr eigene Assoziationen lassen. Meine Arbeitsweise erlaubt es,&hellip;<\/p>\n","protected":false},"author":5,"featured_media":0,"parent":0,"menu_order":0,"comment_status":"closed","ping_status":"closed","template":"","meta":{"_seopress_robots_primary_cat":"","_seopress_titles_title":"Moderne \u00d6lbilder kaufen \u2013 Kunst voller Licht und Bewegung","_seopress_titles_desc":"Moderne Kunst kaufen \u2013 farbstarke \u00d6lbilder und hochwertige Drucke direkt aus dem Atelier von Annette Schmucker.","_seopress_robots_index":"","footnotes":""},"class_list":["post-10900","page","type-page","status-publish","hentry","no-post-thumbnail","post-grid-3-col","entry"],"jetpack_sharing_enabled":true,"_links":{"self":[{"href":"https:\/\/annette-schmucker.de\/index.php\/wp-json\/wp\/v2\/pages\/10900","targetHints":{"allow":["GET"]}}],"collection":[{"href":"https:\/\/annette-schmucker.de\/index.php\/wp-json\/wp\/v2\/pages"}],"about":[{"href":"https:\/\/annette-schmucker.de\/index.php\/wp-json\/wp\/v2\/types\/page"}],"author":[{"embeddable":true,"href":"https:\/\/annette-schmucker.de\/index.php\/wp-json\/wp\/v2\/users\/5"}],"replies":[{"embeddable":true,"href":"https:\/\/annette-schmucker.de\/index.php\/wp-json\/wp\/v2\/comments?post=10900"}],"version-history":[{"count":5,"href":"https:\/\/annette-schmucker.de\/index.php\/wp-json\/wp\/v2\/pages\/10900\/revisions"}],"predecessor-version":[{"id":10912,"href":"https:\/\/annette-schmucker.de\/index.php\/wp-json\/wp\/v2\/pages\/10900\/revisions\/10912"}],"wp:attachment":[{"href":"https:\/\/annette-schmucker.de\/index.php\/wp-json\/wp\/v2\/media?parent=10900"}],"curies":[{"name":"wp","href":"https:\/\/api.w.org\/{rel}","templated":true}]}}